 highest common divisor of h and 170?
85
Suppose -3*a + 138 = 2*d, -4*a + 44*d + 183 = 47*d. Suppose -q + 2*q = 8. Suppose q = -2*v + 32. Calculate the highest common divisor of a and v.
12
Let t be -8 + 11 + (2005 - 13). What is the greatest common factor of t and 35?
35
Let q be (15 + 1575/(-125))/(2/45). What is the highest common factor of 15264 and q?
18
Suppose 3*a - 430 = m, 5*a + 7*m - 735 = 5*m. What is the highest common divisor of a and 232?
29
Let x(w) = 36*w - 48. Let l be x(2). Suppose -t + 307 = -5*v, 21*t + v = l*t - 935. What is the greatest common divisor of t and 39?
39
Let w(g) be the third derivative of -5*g**4/24 - 17*g**3/6 + g**2. Let t be w(-6). Calculate the highest common factor of 65 and t.
13
Suppose -525175 = -41*n + 106762 - 97666. Calculate the highest common divisor of n and 157.
157
Let k = 1820 - 461. What is the highest common divisor of 27 and k?
9
Let s be 5 + (574/3 - 1 - 2/6). Calculate the highest common divisor of s and 1521.
39
Let g(q) = 51*q**2 - 2*q + 1. Let j be g(1). Suppose -54*a = -j*a - 784. What is the greatest common divisor of a and 56?
28
Suppose -2523 = -4*t + 2725. Calculate the greatest common factor of 28 and t.
4
Suppose 0 = -5*x - 3*x + 16. Suppose 29 = x*v + 11. Let u be ((-15)/10 + 2)*6. What is the highest common divisor of u and v?
3
Let p be (-1 - 0)*(0 + -6 + 27). Let y be 1138/42 - (-2)/p. Calculate the highest common divisor of y and 36.
9
Let d = -267 - -475. Suppose 35*i - d = 632. Calculate the greatest common divisor of 4 and i.
4
Let j = -4768 + 4804. Let h be (45 + 0)*1*2. What is the greatest common factor of j and h?
18
Let h(k) = -97*k - 7636. Let w be h(-79). What is the highest common divisor of 17037 and w?
27
Let s(b) = 5*b**3 + 10*b + 2. Let r be s(4). Let g = r + -296. Calculate the greatest common factor of 6 and g.
6
Suppose 1045 = 2*k - 24*r + 27*r, 21*r + 63 = 0. Let x = -72 - -103. Calculate the greatest common factor of x and k.
31
Suppose -41*x + 672 = 15*x. Calculate the greatest common divisor of 4952 and x.
4
Let x be -8 - 2117/(-261) - (1 + 3112/(-18)). What is the greatest common divisor of x and 14190?
86
Let d(f) be the first derivative of 35/2*f**2 + 18 - 25*f. Let y be d(3). Calculate the greatest common divisor of 16 and y.
16
Let i(d) = d. Suppose -4*t = -13 - 7. Let l be i(t). Suppose 562*p = 4172 + 18308. What is the highest common factor of p and l?
5
Let t(c) = 23*c**2 - 5*c + 15. Suppose -2*w + 6*w - 12 = 0. Let n be t(w). Calculate the greatest common factor of n and 9.
9
Let n(t) be the second derivative of t**4/12 - t**3 + 13*t**2/2 - 4*t. Let z be n(10). Let g = 57 - z. What is the highest common factor of 28 and g?
4
Suppose 0 = -7*n - 175 - 280. Let k = -40 - n. Suppose -3*a - a = -5*o + 19, a - k = -3*o. What is the highest common divisor of 7 and o?
7
Suppose -41 = 11*f + 421. Let s = f + 72. What is the highest common factor of s and 18?
6
Suppose -8 = 7*b - 3*b. Let g be (b/(-10))/(4/6980). Suppose -n = -3*x + 201, -2*x + 3*n = -7*x + g. What is the greatest common factor of 17 and x?
17
Let k(y) = -y**3 - 10*y**2 - 12*y - 135. Let u be k(-12). Let f(g) = g**3 - 11*g**2 - 9*g - 14. Let w be f(12). Calculate the greatest common factor of w and u.
11
Suppose -1 - 6 = -r - 3*c, 0 = -r - 2*c + 12. Let k be 40670/77 - (-1)/(r/(-4)). What is the highest common factor of k and 48?
48
Let y = 284 - 402. Let u = y + 188. Calculate the highest common divisor of 30 and u.
10
Let f(g) = -7*g**2 + 6*g - 6. Let t be f(1). Let b be (-6 - 36/t)/(1/(-14)). Let n be ((-15)/b)/((-3)/12). What is the greatest common factor of 15 and n?
5
Let r(a) = a**3 - 7*a**2 + 13*a - 11. Let h be r(5). Suppose 0*j + h*i = 5*j - 1712, 3*i = -9. What is the greatest common factor of 136 and j?
68
Suppose 567*s - 8*s = 6149. Suppose r = 283 + 69. What is the highest common factor of s and r?
11
Let q(o) = -37 + o**3 - 37 + 318*o**2 - 285*o**2 - 14*o. Let t be q(-33). What is the greatest common factor of t and 4?
4
Suppose 4*p = 2*g + 86, 2*g + 11 = -5*p - 66. Let q(s) = -s**2 - 7*s - 1. Let o be q(-5). Let d = o - g. Calculate the highest common divisor of d and 10.
10
Suppose 4*s + 3*g = g + 890, -225 = -s - 3*g. What is the greatest common divisor of s and 1850?
74
Suppose -2*s + 5*o = 3*s - 2090, -4*s + 5*o + 1675 = 0. Let m = 515 - s. What is the highest common divisor of 8 and m?
4
Suppose -85 = 4*y + y + 5*q, q = 5. Let r be 594/y*1/(-3)*4. What is the greatest common divisor of 126 and r?
18
Suppose -18450 = -130*c - 239*c. Calculate the greatest common factor of c and 1745.
5
Let p be 16/3 + (-5 - (-66)/18). Suppose -p*l = 4*a - 92 - 36, -2*l - 4*a + 62 = 0. Calculate the highest common factor of 231 and l.
33
Suppose -75 = -4*x - 18*r + 21*r, 2*r = -4*x + 90. Let w be (-36)/(-3)*(4 - (-13)/(-4)). What is the greatest common factor of w and x?
3
Let b be 45/10*10/3. Suppose -2*r + 11 + 11 = 4*v, 0 = 2*r - 6. Suppose 0*u - u - t = -169, v*t = -u + 181. What is the greatest common divisor of u and b?
15
Suppose 58*k + 49*k - 14017 = 0. Calculate the highest common divisor of 917 and k.
131
Let t(n) = -9*n**2 - 203*n + 568. Let v be t(-25). Let d = -1 - -3. What is the greatest common divisor of d and v?
2
Let d = -23 - -32. Let x be ((-3)/d)/(4/156). Let t = x + 27. Calculate the greatest common divisor of 56 and t.
14
Suppose -10 = -5*h - b, 0*h - 3*b = h + 12. Suppose 252 + 45 = -h*k. Let l be k/(-6) + ((-30)/(-4))/(-5). What is the greatest common divisor of 75 and l?
15
Let v = -14718 + 14837. Calculate the greatest common factor of 77 and v.
7
Suppose -280 = -4*z + 4*v, 2*z - 2*v = 3*z - 76. Suppose 7*l - z = 5*l. What is the greatest common divisor of l and 4?
4
Let k = 5 - 2. Let c(g) = 12*g**2 - 2*g + 1. Let d be c(k). Suppose d = 8*t + 15. What is the highest common divisor of t and 1?
1
Let s(u) = -18*u**3 + u. Let y be s(-1). Suppose 494 + 67 = k. Suppose 119 = 5*j - k. What is the highest common factor of j and y?
17
Suppose 944 = 28*a - 20*a. Calculate the highest common divisor of a and 6313.
59
Suppose 10*c + 19*c - 12810 = -6*c. Calculate the greatest common divisor of 30378 and c.
366
Let l = 3567 - 3018. Calculate the greatest common factor of l and 153.
9
Let q be (-7)/238 + 1473708/408. What is the greatest common divisor of q and 2236?
172
Let f(h) = -19*h - 5. Let l be f(-5). Suppose -7*m = 7*m - 56. Let a(p) = 2*p + 2. Let c be a(m). Calculate the highest common divisor of c and l.
10
Suppose 5*q - 1285 = -5*z, -33*q = -34*q + 2*z + 260. What is the highest common divisor of 688 and q?
86
Let m(y) = 0*y + 5 - 3*y + 4. Suppose -3 = -j + 4*q + 8, 4*q + 1 = 3*j. Let b be m(j). Calculate the highest common divisor of b and 60.
12
Let s(f) = 5*f**2 - 4*f. Let x be s(-9). Let z be -1*2*(-105)/120*28. Calculate the highest common factor of z and x.
49
Let d = 2 + -4. Let q(r) = 30582 + 86*r - 100*r - 30580. Let j be q(d). What is the highest common divisor of j and 12?
6
Let o(l) = -l**2 + 14*l - 29. Let r(x) = 1. Suppose -c + 4 = 6. Let p(y) = c*r(y) - o(y). Let b be p(14). Calculate the greatest common factor of b and 27.
27
Suppose 0*m - m + 2*c = -109, -3*m - 4*c + 277 = 0. Let t = 183 - m. Suppose 0 = -9*d + t - 12. Calculate the highest common factor of d and 16.
8
Suppose -77*x = -14035 + 4564. Calculate the highest common divisor of 451 and x.
41
Suppose -3*y + m = -656, -9*y + 15*y = 4*m + 1304. Let l(u) = u**2 - 4*u - 20. Let c be l(10). What is the highest common divisor of y and c?
20
Let u = 910 + -400. What is the greatest common divisor of u and 18?
6
Let h = 16205 - 16085. Calculate the greatest common divisor of h and 1536.
24
Suppose -23*m + 22*m - 54 = -3*t, 5*t + 2*m = 68. What is the highest common divisor of 40688 and t?
16
Suppose -10*l + 9*l = -10*l. Suppose 29*f - 329 - 338 = l. Let x(j) = j**3 - j + 1. Let c be x(1). Calculate the greatest common divisor of c and f.
1
Let t(g) = -g**3 + 10*g**2 + 32*g - 21. Let o be t(12). Suppose -7*k + o = -198. What is the greatest common divisor of 195 and k?
39
Let i = -82 - -101. Let y be 3/(2 + -5)*(i + -37). What is the highest common divisor of 6 and y?
6
Let n = 14846 - 14744. Calculate the greatest common factor of 99 and n.
3
Suppose j = 4*k - 5978, -12*k = -13*k - 